{"id":837,"date":"2020-04-23T14:33:48","date_gmt":"2020-04-23T18:33:48","guid":{"rendered":"http:\/\/gadsanvicentedepusir.gob.ec\/carchi\/?page_id=837"},"modified":"2026-03-31T19:44:16","modified_gmt":"2026-03-31T23:44:16","slug":"pagina-oficial-del-gad-parroquial-san-vicente-de-pusir","status":"publish","type":"page","link":"https:\/\/gadsanvicentedepusir.gob.ec\/carchi\/","title":{"rendered":"P\u00e1gina Oficial del GAD Parroquial San Vicente de Pusir"},"content":{"rendered":"[vc_row][vc_column][vc_row_inner][vc_column_inner]<div id=\"ultimate-heading-715169fc754437d90\" class=\"uvc-heading ult-adjust-bottom-margin ultimate-heading-715169fc754437d90 uvc-1839 accent-border-color\" data-hspacer=\"line_only\"  data-halign=\"center\" style=\"text-align:center\"><div class=\"uvc-main-heading ult-responsive\"  data-ultimate-target='.uvc-heading.ultimate-heading-715169fc754437d90 h2'  data-responsive-json-new='{\"font-size\":\"desktop:26px;\",\"line-height\":\"desktop:36px;\"}' ><h2 style=\"font-weight:normal;margin-bottom:15px;\">Consulta Ciudadana<\/h2><\/div><div class=\"uvc-heading-spacer line_only\" style=\"margin-bottom:60px;height:4px;\"><span class=\"uvc-headings-line\" style=\"border-style:solid;border-bottom-width:4px;border-color:#589fc7;width:100px;\"><\/span><\/div><\/div>[vc_column_text]<img fetchpriority=\"high\" decoding=\"async\" class=\"aligncenter wp-image-1797 size-medium\" src=\"https:\/\/gadsanvicentedepusir.gob.ec\/carchi\/wp-content\/uploads\/2026\/03\/Consulta-ciudadana-550x550.png\" alt=\"\" width=\"550\" height=\"550\" srcset=\"https:\/\/gadsanvicentedepusir.gob.ec\/carchi\/wp-content\/uploads\/2026\/03\/Consulta-ciudadana-550x550.png 550w, https:\/\/gadsanvicentedepusir.gob.ec\/carchi\/wp-content\/uploads\/2026\/03\/Consulta-ciudadana-150x150.png 150w, https:\/\/gadsanvicentedepusir.gob.ec\/carchi\/wp-content\/uploads\/2026\/03\/Consulta-ciudadana-768x768.png 768w, https:\/\/gadsanvicentedepusir.gob.ec\/carchi\/wp-content\/uploads\/2026\/03\/Consulta-ciudadana.png 1024w\" sizes=\"(max-width: 550px) 100vw, 550px\" \/>[\/vc_column_text][\/vc_column_inner][\/vc_row_inner][vc_row_inner][vc_column_inner]<div id=\"ultimate-heading-524869fc754437dbd\" class=\"uvc-heading ult-adjust-bottom-margin ultimate-heading-524869fc754437dbd uvc-7027 accent-border-color\" data-hspacer=\"line_only\"  data-halign=\"center\" style=\"text-align:center\"><div class=\"uvc-main-heading ult-responsive\"  data-ultimate-target='.uvc-heading.ultimate-heading-524869fc754437dbd h2'  data-responsive-json-new='{\"font-size\":\"desktop:26px;\",\"line-height\":\"desktop:36px;\"}' ><h2 style=\"font-weight:normal;margin-bottom:15px;\">PLAN DE DESARROLLO Comunitario Parroquia San Vicente de Pusir<\/h2><\/div><div class=\"uvc-heading-spacer line_only\" style=\"margin-bottom:60px;height:4px;\"><span class=\"uvc-headings-line\" style=\"border-style:solid;border-bottom-width:4px;border-color:#589fc7;width:100px;\"><\/span><\/div><\/div>[vc_column_text]<img decoding=\"async\" class=\"size-medium wp-image-1783 aligncenter\" src=\"https:\/\/gadsanvicentedepusir.gob.ec\/carchi\/wp-content\/uploads\/2026\/03\/plan-de-desarrollo-550x286.png\" alt=\"\" width=\"550\" height=\"286\" srcset=\"https:\/\/gadsanvicentedepusir.gob.ec\/carchi\/wp-content\/uploads\/2026\/03\/plan-de-desarrollo-550x286.png 550w, https:\/\/gadsanvicentedepusir.gob.ec\/carchi\/wp-content\/uploads\/2026\/03\/plan-de-desarrollo.png 608w\" sizes=\"(max-width: 550px) 100vw, 550px\" \/><\/p>\n<p style=\"text-align: center;\"><a href=\"https:\/\/gadsanvicentedepusir.gob.ec\/carchi\/wp-content\/uploads\/2026\/03\/Plan-territorial-comunitario-Parroquia-San-Vicente-de-Pusir.-GIZ-GADSVP.pdf\">Plan territorial comunitario Parroquia San Vicente de Pusir. GIZ-GADSVP<\/a><\/p>\n[\/vc_column_text][\/vc_column_inner][\/vc_row_inner][\/vc_column][\/vc_row][vc_row bg_type=\u00bbbg_color\u00bb bg_color_value=\u00bb#f7f7f7&#8243; css=\u00bb.vc_custom_1581547090144{padding-top: 0px !important;padding-bottom: 0px !important;}\u00bb][vc_column css=\u00bb.vc_custom_1529671385255{background-position: center !important;background-repeat: no-repeat !important;background-size: cover !important;}\u00bb][vc_column_text]\n<p><img decoding=\"async\" class=\"size-medium wp-image-1769 aligncenter\" src=\"https:\/\/gadsanvicentedepusir.gob.ec\/carchi\/wp-content\/uploads\/2025\/07\/WhatsApp-Image-2025-07-04-at-09.59.15-550x331.jpeg\" alt=\"\" width=\"550\" height=\"331\" srcset=\"https:\/\/gadsanvicentedepusir.gob.ec\/carchi\/wp-content\/uploads\/2025\/07\/WhatsApp-Image-2025-07-04-at-09.59.15-550x331.jpeg 550w, https:\/\/gadsanvicentedepusir.gob.ec\/carchi\/wp-content\/uploads\/2025\/07\/WhatsApp-Image-2025-07-04-at-09.59.15-1024x615.jpeg 1024w, https:\/\/gadsanvicentedepusir.gob.ec\/carchi\/wp-content\/uploads\/2025\/07\/WhatsApp-Image-2025-07-04-at-09.59.15-768x462.jpeg 768w, https:\/\/gadsanvicentedepusir.gob.ec\/carchi\/wp-content\/uploads\/2025\/07\/WhatsApp-Image-2025-07-04-at-09.59.15-1536x923.jpeg 1536w, https:\/\/gadsanvicentedepusir.gob.ec\/carchi\/wp-content\/uploads\/2025\/07\/WhatsApp-Image-2025-07-04-at-09.59.15.jpeg 1599w\" sizes=\"(max-width: 550px) 100vw, 550px\" \/><\/p>\n<p><img loading=\"lazy\" decoding=\"async\" class=\"alignnone size-medium wp-image-1648 aligncenter\" src=\"https:\/\/gadsanvicentedepusir.gob.ec\/carchi\/wp-content\/uploads\/2024\/05\/WhatsApp-Image-2024-05-27-at-16.37.33-550x550.jpeg\" alt=\"\" width=\"550\" height=\"550\" srcset=\"https:\/\/gadsanvicentedepusir.gob.ec\/carchi\/wp-content\/uploads\/2024\/05\/WhatsApp-Image-2024-05-27-at-16.37.33-550x550.jpeg 550w, https:\/\/gadsanvicentedepusir.gob.ec\/carchi\/wp-content\/uploads\/2024\/05\/WhatsApp-Image-2024-05-27-at-16.37.33-1024x1024.jpeg 1024w, https:\/\/gadsanvicentedepusir.gob.ec\/carchi\/wp-content\/uploads\/2024\/05\/WhatsApp-Image-2024-05-27-at-16.37.33-150x150.jpeg 150w, https:\/\/gadsanvicentedepusir.gob.ec\/carchi\/wp-content\/uploads\/2024\/05\/WhatsApp-Image-2024-05-27-at-16.37.33-768x768.jpeg 768w, https:\/\/gadsanvicentedepusir.gob.ec\/carchi\/wp-content\/uploads\/2024\/05\/WhatsApp-Image-2024-05-27-at-16.37.33-1536x1536.jpeg 1536w, https:\/\/gadsanvicentedepusir.gob.ec\/carchi\/wp-content\/uploads\/2024\/05\/WhatsApp-Image-2024-05-27-at-16.37.33.jpeg 1600w\" sizes=\"(max-width: 550px) 100vw, 550px\" \/><\/p>\n<p><strong>Link formulario institucional<\/strong><\/p>\n<p><a href=\"https:\/\/docs.google.com\/spreadsheets\/d\/1b8u-ks592QEY5kaEQJT1NH6bFsZGNala\/edit?usp=drive_link&amp;ouid=104424207473738388985&amp;rtpof=true&amp;sd=true\">https:\/\/docs.google.com\/spreadsheets\/d\/1b8u-ks592QEY5kaEQJT1NH6bFsZGNala\/edit?usp=drive_link&amp;ouid=104424207473738388985&amp;rtpof=true&amp;sd=true<\/a><\/p>\n<p>&nbsp;<\/p>\n<p><strong>Link formulario autoridades<\/strong><\/p>\n<p><a href=\"https:\/\/docs.google.com\/spreadsheets\/d\/1JFi75ZaIPdmRKe4zJOuB56nc6THw4lEn\/edit?usp=drive_link&amp;ouid=104424207473738388985&amp;rtpof=true&amp;sd=true\">https:\/\/docs.google.com\/spreadsheets\/d\/1JFi75ZaIPdmRKe4zJOuB56nc6THw4lEn\/edit?usp=drive_link&amp;ouid=104424207473738388985&amp;rtpof=true&amp;sd=true<\/a>[\/vc_column_text][vc_row_inner][vc_column_inner][vc_column_text]INVITACI\u00d3N A LOS PROVEEDORES DEL CANT\u00d3N BOL\u00cdVAR EN LA PROVINCIA DEL CARCHI A PARTICIPAR DE LA FERIA INCLUSIVA PARA LA \u00abCONTRATACI\u00d3N DEL SERVICIO DE ALIMENTACI\u00d3N PARA ADULTOS MAYORES DE LA PARROQUIA DE SAN VICENTE DE PUSIR, CANT\u00d3N BOL\u00cdVAR, PROVINCIA DEL CARCHI\u00bb[\/vc_column_text][vc_column_text]<iframe style=\"border: none; overflow: hidden;\" src=\"https:\/\/www.facebook.com\/plugins\/video.php?height=314&amp;href=https%3A%2F%2Fweb.facebook.com%2Fgadparroquial.sanvicentedepusir%2Fvideos%2F797413261452959%2F&amp;show_text=false&amp;width=560&amp;t=0\" width=\"560\" height=\"314\" frameborder=\"0\" scrolling=\"no\" allowfullscreen=\"allowfullscreen\"><\/iframe>[\/vc_column_text][\/vc_column_inner][\/vc_row_inner][vc_row_inner][vc_column_inner]<div id=\"ultimate-heading-327669fc754437ddc\" class=\"uvc-heading ult-adjust-bottom-margin ultimate-heading-327669fc754437ddc uvc-8244 accent-border-color\" data-hspacer=\"line_only\"  data-halign=\"center\" style=\"text-align:center\"><div class=\"uvc-main-heading ult-responsive\"  data-ultimate-target='.uvc-heading.ultimate-heading-327669fc754437ddc h2'  data-responsive-json-new='{\"font-size\":\"desktop:26px;\",\"line-height\":\"desktop:36px;\"}' ><h2 style=\"font-weight:normal;margin-bottom:15px;\">EN LINEA<\/h2><\/div><div class=\"uvc-heading-spacer line_only\" style=\"margin-bottom:60px;height:4px;\"><span class=\"uvc-headings-line\" style=\"border-style:solid;border-bottom-width:4px;border-color:#589fc7;width:100px;\"><\/span><\/div><\/div>[\/vc_column_inner][\/vc_row_inner][vc_row_inner][vc_column_inner width=\u00bb1\/3&#8243;]<div class=\"ult-just-icon-wrapper  \"><div class=\"align-icon\" style=\"text-align:center;\">\n<div class=\"aio-icon none \" data-animation=\"swing\" data-animation-delay=\"03\" style=\"color:#ea841e;font-size:80px;display:inline-block;\">\n\t<i class=\"Defaults-bar-chart bar-chart-o\"><\/i>\n<\/div><\/div><\/div><div id=\"ultimate-heading-149569fc754437f62\" class=\"uvc-heading ult-adjust-bottom-margin ultimate-heading-149569fc754437f62 uvc-3268 \" data-hspacer=\"no_spacer\"  data-halign=\"center\" style=\"text-align:center\"><div class=\"uvc-heading-spacer no_spacer\" style=\"top\"><\/div><div class=\"uvc-main-heading ult-responsive\"  data-ultimate-target='.uvc-heading.ultimate-heading-149569fc754437f62 h2'  data-responsive-json-new='{\"font-size\":\"desktop:26px;\",\"line-height\":\"desktop:36px;\"}' ><h2 style=\"font-weight:normal;margin-bottom:5px;\">Rendici\u00f3n de Cuentas<\/h2><\/div><div class=\"uvc-sub-heading ult-responsive\"  data-ultimate-target='.uvc-heading.ultimate-heading-149569fc754437f62 .uvc-sub-heading '  data-responsive-json-new='{\"font-size\":\"\",\"line-height\":\"desktop:28px;\"}'  style=\"font-weight:normal;margin-bottom:20px;\">Informe anual sobre los trabajos y gesti\u00f3n realizada.<\/div><\/div><div class=\" ubtn-ctn-center \"><button type=\"button\" id=\"ubtn-1821\"  class=\"ubtn ult-adjust-bottom-margin ult-responsive ubtn-normal ubtn-fade-bg  ulta-float  ubtn-center   tooltip-69fc754437f84\"  data-hover=\"\" data-border-color=\"\" data-bg=\"#e0e0e0\" data-hover-bg=\"\" data-border-hover=\"\" data-shadow-hover=\"\" data-shadow-click=\"none\" data-shadow=\"\" data-shd-shadow=\"\"  data-ultimate-target='#ubtn-1821'  data-responsive-json-new='{\"font-size\":\"\",\"line-height\":\"\"}'  style=\"font-weight:normal;border:none;background: #e0e0e0;color: #000000;\"><span class=\"ubtn-hover\" style=\"background-color:\"><\/span><span class=\"ubtn-data ubtn-text \" >Descargar<\/span><\/button><\/div>[\/vc_column_inner][vc_column_inner width=\u00bb1\/3&#8243;]<div class=\"ult-just-icon-wrapper  \"><div class=\"align-icon\" style=\"text-align:center;\">\n<div class=\"aio-icon none \" data-animation=\"swing\" data-animation-delay=\"03\" style=\"color:#ea841e;font-size:80px;display:inline-block;\">\n\t<i class=\"Defaults-book\"><\/i>\n<\/div><\/div><\/div><div id=\"ultimate-heading-830269fc754437fbe\" class=\"uvc-heading ult-adjust-bottom-margin ultimate-heading-830269fc754437fbe uvc-425 \" data-hspacer=\"no_spacer\"  data-halign=\"center\" style=\"text-align:center\"><div class=\"uvc-heading-spacer no_spacer\" style=\"top\"><\/div><div class=\"uvc-main-heading ult-responsive\"  data-ultimate-target='.uvc-heading.ultimate-heading-830269fc754437fbe h2'  data-responsive-json-new='{\"font-size\":\"desktop:26px;\",\"line-height\":\"desktop:36px;\"}' ><h2 style=\"font-weight:normal;margin-bottom:5px;\">PDOT 2019-2023<\/h2><\/div><div class=\"uvc-sub-heading ult-responsive\"  data-ultimate-target='.uvc-heading.ultimate-heading-830269fc754437fbe .uvc-sub-heading '  data-responsive-json-new='{\"font-size\":\"\",\"line-height\":\"desktop:28px;\"}'  style=\"font-weight:normal;margin-bottom:20px;\">Descargar el documento del Plan de ordenamiento Territorial.<\/div><\/div><div class=\" ubtn-ctn-center \"><a class=\"ubtn-link ult-adjust-bottom-margin ubtn-center ubtn-normal \" href=\"https:\/\/gadsanvicentedepusir.gob.ec\/carchi\/wp-content\/uploads\/2021\/11\/1.-PDOT-SAN-VICENTE-DE-PUSIR-2019-2023.pdf\" target=\"_blank\" rel=\"noopener\" ><button type=\"button\" id=\"ubtn-3722\"  class=\"ubtn ult-adjust-bottom-margin ult-responsive ubtn-normal ubtn-fade-bg  ulta-float  ubtn-center   tooltip-69fc754437fd7\"  data-hover=\"\" data-border-color=\"\" data-bg=\"#e0e0e0\" data-hover-bg=\"\" data-border-hover=\"\" data-shadow-hover=\"\" data-shadow-click=\"none\" data-shadow=\"\" data-shd-shadow=\"\"  data-ultimate-target='#ubtn-3722'  data-responsive-json-new='{\"font-size\":\"\",\"line-height\":\"\"}'  style=\"font-weight:normal;border:none;background: #e0e0e0;color: #000000;\"><span class=\"ubtn-hover\" style=\"background-color:\"><\/span><span class=\"ubtn-data ubtn-text \" >Descargar<\/span><\/button><\/a><\/div>[\/vc_column_inner][vc_column_inner width=\u00bb1\/3&#8243;]<div class=\"ult-just-icon-wrapper  \"><div class=\"align-icon\" style=\"text-align:center;\">\n<div class=\"aio-icon none \" data-animation=\"swing\" data-animation-delay=\"03\" style=\"color:#ea841e;font-size:80px;display:inline-block;\">\n\t<i class=\"Defaults-camera-retro\"><\/i>\n<\/div><\/div><\/div><div id=\"ultimate-heading-593869fc75443802b\" class=\"uvc-heading ult-adjust-bottom-margin ultimate-heading-593869fc75443802b uvc-9327 \" data-hspacer=\"no_spacer\"  data-halign=\"center\" style=\"text-align:center\"><div class=\"uvc-heading-spacer no_spacer\" style=\"top\"><\/div><div class=\"uvc-main-heading ult-responsive\"  data-ultimate-target='.uvc-heading.ultimate-heading-593869fc75443802b h2'  data-responsive-json-new='{\"font-size\":\"desktop:26px;\",\"line-height\":\"desktop:36px;\"}' ><h2 style=\"font-weight:normal;margin-bottom:5px;\">Turismo<\/h2><\/div><div class=\"uvc-sub-heading ult-responsive\"  data-ultimate-target='.uvc-heading.ultimate-heading-593869fc75443802b .uvc-sub-heading '  data-responsive-json-new='{\"font-size\":\"\",\"line-height\":\"desktop:28px;\"}'  style=\"font-weight:normal;margin-bottom:20px;\">Conoce sobre los atractivos tur\u00edsticos de nuestra parroquia.<\/div><\/div><div class=\" ubtn-ctn-center \"><button type=\"button\" id=\"ubtn-7365\"  class=\"ubtn ult-adjust-bottom-margin ult-responsive ubtn-normal ubtn-fade-bg  ulta-float  ubtn-center   tooltip-69fc754438042\"  data-hover=\"\" data-border-color=\"\" data-bg=\"#e0e0e0\" data-hover-bg=\"\" data-border-hover=\"\" data-shadow-hover=\"\" data-shadow-click=\"none\" data-shadow=\"\" data-shd-shadow=\"\"  data-ultimate-target='#ubtn-7365'  data-responsive-json-new='{\"font-size\":\"\",\"line-height\":\"\"}'  style=\"font-weight:normal;border:none;background: #e0e0e0;color: #000000;\"><span class=\"ubtn-hover\" style=\"background-color:\"><\/span><span class=\"ubtn-data ubtn-text \" >Ir a Turismo<\/span><\/button><\/div>[\/vc_column_inner][\/vc_row_inner][vc_column_inner][\/vc_column_inner][\/vc_column][\/vc_row][vc_row bg_type=\u00bbimage\u00bb parallax_style=\u00bbvcpb-vz-jquery\u00bb bg_image_new=\u00bbid^849|url^http:\/\/gadsanvicentedepusir.gob.ec\/carchi\/wp-content\/uploads\/2020\/04\/28953978_1593653497419120_1682416717296071099_o.jpg|caption^null|alt^null|title^28953978_1593653497419120_1682416717296071099_o|description^null\u00bb bg_image_repeat=\u00bbno-repeat\u00bb enable_overlay=\u00bbenable_overlay_value\u00bb overlay_color=\u00bbrgba(0,0,0,0.33)\u00bb css=\u00bb.vc_custom_1595461536032{padding-top: 80px !important;padding-bottom: 80px !important;}\u00bb][vc_column]<div id=\"ultimate-heading-270469fc754438069\" class=\"uvc-heading ult-adjust-bottom-margin ultimate-heading-270469fc754438069 uvc-7355 accent-border-color\" data-hspacer=\"line_only\"  data-halign=\"center\" style=\"text-align:center\"><div class=\"uvc-main-heading ult-responsive\"  data-ultimate-target='.uvc-heading.ultimate-heading-270469fc754438069 h2'  data-responsive-json-new='{\"font-size\":\"desktop:40px;\",\"line-height\":\"desktop:50px;\"}' ><h2 style=\"font-weight:normal;color:#ffffff;margin-bottom:15px;\">Turismo en San Vicente de Pusir<\/h2><\/div><div class=\"uvc-heading-spacer line_only\" style=\"margin-bottom:60px;height:4px;\"><span class=\"uvc-headings-line\" style=\"border-style:solid;border-bottom-width:4px;border-color:#5699be;width:100px;\"><\/span><\/div><\/div><div class=\" ubtn-ctn-center \"><a class=\"ubtn-link ult-adjust-bottom-margin ubtn-center ubtn-normal \" href=\"http:\/\/\" ><button type=\"button\" id=\"ubtn-4311\"  class=\"ubtn ult-adjust-bottom-margin ult-responsive ubtn-normal ubtn-fade-bg  ulta-pulse-grow  ubtn-center   tooltip-69fc754438083\"  data-hover=\"\" data-border-color=\"#dd9933\" data-bg=\"#e0e0e0\" data-hover-bg=\"\" data-border-hover=\"\" data-shadow-hover=\"\" data-shadow-click=\"none\" data-shadow=\"\" data-shd-shadow=\"\"  data-ultimate-target='#ubtn-4311'  data-responsive-json-new='{\"font-size\":\"\",\"line-height\":\"\"}'  style=\"font-weight:normal;border-radius:3px;border-width:1px;border-color:#dd9933;border-style:solid;background: #e0e0e0;color: #000000;\"><span class=\"ubtn-hover\" style=\"background-color:\"><\/span><span class=\"ubtn-data ubtn-text \" >Ir a Turismo<\/span><\/button><\/a><\/div>[\/vc_column][\/vc_row][vc_row][vc_column]<div id=\"ultimate-heading-446369fc7544380ac\" class=\"uvc-heading ult-adjust-bottom-margin ultimate-heading-446369fc7544380ac uvc-4396 accent-border-color\" data-hspacer=\"line_only\"  data-halign=\"center\" style=\"text-align:center\"><div class=\"uvc-main-heading ult-responsive\"  data-ultimate-target='.uvc-heading.ultimate-heading-446369fc7544380ac h2'  data-responsive-json-new='{\"font-size\":\"desktop:26px;\",\"line-height\":\"desktop:36px;\"}' ><h2 style=\"font-weight:normal;margin-bottom:15px;\">Mensaje del Se\u00f1or Presidente<\/h2><\/div><div class=\"uvc-heading-spacer line_only\" style=\"margin-bottom:60px;height:4px;\"><span class=\"uvc-headings-line\" style=\"border-style:solid;border-bottom-width:4px;border-color:#5699be;width:100px;\"><\/span><\/div><\/div>[vc_row_inner][vc_column_inner width=\u00bb1\/2&#8243;][vc_single_image image=\u00bb852&#8243; img_size=\u00bb200&#215;300&#8243; alignment=\u00bbcenter\u00bb css_animation=\u00bbfadeInLeft\u00bb]<div id=\"ultimate-heading-784969fc7544380c2\" class=\"uvc-heading ult-adjust-bottom-margin ultimate-heading-784969fc7544380c2 uvc-7429 \" data-hspacer=\"no_spacer\"  data-halign=\"center\" style=\"text-align:center\"><div class=\"uvc-heading-spacer no_spacer\" style=\"top\"><\/div><div class=\"uvc-main-heading ult-responsive\"  data-ultimate-target='.uvc-heading.ultimate-heading-784969fc7544380c2 h2'  data-responsive-json-new='{\"font-size\":\"desktop:26px;\",\"line-height\":\"desktop:36px;\"}' ><h2 style=\"font-weight:normal;margin-bottom:5px;\">Abogada Samantha Congo<\/h2><\/div><div class=\"uvc-sub-heading ult-responsive\"  data-ultimate-target='.uvc-heading.ultimate-heading-784969fc7544380c2 .uvc-sub-heading '  data-responsive-json-new='{\"font-size\":\"\",\"line-height\":\"desktop:28px;\"}'  style=\"font-weight:normal;margin-bottom:20px;\">\n<p style=\"text-align: center;\"><em>Presidente parroquial<\/em><\/p>\n<div id=\"gtx-trans\" style=\"position: absolute; left: 189px; top: -10px;\">\n<div class=\"gtx-trans-icon\"><\/div>\n<\/div>\n<\/div><\/div>[\/vc_column_inner][vc_column_inner width=\u00bb1\/2&#8243;][vc_empty_space height=\u00bb42px\u00bb][vc_column_text]\n<div><\/div>\n<div><\/div>\n<div><\/div>\n<blockquote><p>Queridos San Vicente\u00f1os, es un privilegio y un orgullo ser el vocero y representante de esta\u00a0 hermosa parroquia de San Vicente de Pusir, tambi\u00e9n quiero que sepan que solo con buenos ciudadanos es posible construir sociedades buenas, justas, sanas, sostenibles donde todos los habitantes podamos vivir en paz y armon\u00eda.<\/p>\n<p>IR JUNTOS es comenzar, MANTENERNOS JUNTOS es progresar, TRABAJAR JUNTOS es triunfar, por ello que invito a cada uno de los habitantes de la Parroquia de San Vicente de Pusir a construir una mejor sociedad que avanzar\u00e1 al ritmo de nuestros pensamientos, LEVANT\u00c9MONOS con ideas que nos ense\u00f1en a mejorar cada d\u00eda,\u00a0 hagamos de esta parroquia un pedacito de para\u00edso Carchense que sus visitantes guardar\u00e1n en su memoria, seamos ejemplo para nuestros hijos, hered\u00e9mosles una tierra viva, una tierra rica en producci\u00f3n.<\/p>\n<p>Me complace tener la oportunidad de trabajar durante el periodo 2019-2023, demostraremos que JUNTOS SOMOS M\u00c1S, igual un agradecimiento a cada uno de los servidores p\u00fablicos, trabajadores y colaboradores de esta gran familia, que d\u00eda a d\u00eda entregan su mayor esfuerzo para sacar adelante esta administraci\u00f3n, quiero que este pensamiento se grave en cada uno de nuestros habitante; \u201cTODOS \u00c9RAMOS HUMANOS HASTA QUE LA RAZA NOS DIFERENCIO, LA RELIGI\u00d3N NOS SEPAR\u00d3, LA POL\u00cdTICA NOS DIVIDI\u00d3 Y EL DINERO NOS CLASIFICO\u201d(an\u00f3nimo), no permitamos que en nuestra parroquia nos dividan, la fuerza de un pueblo es la unidad.<\/p>\n<p><strong>\u00a0<\/strong><\/p>\n<p><strong>\u00a0<\/strong><\/p>\n<p><strong>\u00a0<\/strong><\/p>\n<p style=\"text-align: center;\">Abogada Samantha Congo<\/p>\n<p style=\"text-align: center;\"><strong>PRESIDENTE DEL GOBIERNO AUT\u00d3NOMO DESCENTRALIZADO<\/strong><\/p>\n<p style=\"text-align: center;\"><strong>PARROQUIAL RURAL DE SAN VICENTE DE PUSIR<\/strong><\/p>\n<\/blockquote>\n[\/vc_column_text][\/vc_column_inner][\/vc_row_inner][\/vc_column][\/vc_row]\n","protected":false},"excerpt":{"rendered":"<p>[vc_row][vc_column][vc_row_inner][vc_column_inner][vc_column_text][\/vc_column_text][\/vc_column_inner][\/vc_row_inner][vc_row_inner][vc_column_inner][vc_column_text] Plan territorial comunitario Parroquia San Vicente de Pusir. GIZ-GADSVP [\/vc_column_text][\/vc_column_inner][\/vc_row_inner][\/vc_column][\/vc_row][vc_row bg_type=\u00bbbg_color\u00bb bg_color_value=\u00bb#f7f7f7&#8243; css=\u00bb.vc_custom_1581547090144{padding-top: 0px !important;padding-bottom: 0px !important;}\u00bb][vc_column css=\u00bb.vc_custom_1529671385255{background-position: center !important;background-repeat: no-repeat !important;background-size: cover !important;}\u00bb][vc_column_text] Link formulario institucional https:\/\/docs.google.com\/spreadsheets\/d\/1b8u-ks592QEY5kaEQJT1NH6bFsZGNala\/edit?usp=drive_link&amp;ouid=104424207473738388985&amp;rtpof=true&amp;sd=true &nbsp; Link formulario autoridades https:\/\/docs.google.com\/spreadsheets\/d\/1JFi75ZaIPdmRKe4zJOuB56nc6THw4lEn\/edit?usp=drive_link&amp;ouid=104424207473738388985&amp;rtpof=true&amp;sd=true[\/vc_column_text][vc_row_inner][vc_column_inner][vc_column_text]INVITACI\u00d3N A LOS PROVEEDORES DEL CANT\u00d3N BOL\u00cdVAR EN LA PROVINCIA DEL CARCHI A PARTICIPAR DE LA FERIA INCLUSIVA PARA LA \u00abCONTRATACI\u00d3N DEL [&hellip;]<\/p>\n","protected":false},"author":6,"featured_media":0,"parent":0,"menu_order":0,"comment_status":"closed","ping_status":"closed","template":"","meta":{"footnotes":""},"yst_prominent_words":[104,106,88,94,51,49,48,44,50,46],"class_list":["post-837","page","type-page","status-publish","hentry"],"_links":{"self":[{"href":"https:\/\/gadsanvicentedepusir.gob.ec\/carchi\/wp-json\/wp\/v2\/pages\/837","targetHints":{"allow":["GET"]}}],"collection":[{"href":"https:\/\/gadsanvicentedepusir.gob.ec\/carchi\/wp-json\/wp\/v2\/pages"}],"about":[{"href":"https:\/\/gadsanvicentedepusir.gob.ec\/carchi\/wp-json\/wp\/v2\/types\/page"}],"author":[{"embeddable":true,"href":"https:\/\/gadsanvicentedepusir.gob.ec\/carchi\/wp-json\/wp\/v2\/users\/6"}],"replies":[{"embeddable":true,"href":"https:\/\/gadsanvicentedepusir.gob.ec\/carchi\/wp-json\/wp\/v2\/comments?post=837"}],"version-history":[{"count":29,"href":"https:\/\/gadsanvicentedepusir.gob.ec\/carchi\/wp-json\/wp\/v2\/pages\/837\/revisions"}],"predecessor-version":[{"id":1798,"href":"https:\/\/gadsanvicentedepusir.gob.ec\/carchi\/wp-json\/wp\/v2\/pages\/837\/revisions\/1798"}],"wp:attachment":[{"href":"https:\/\/gadsanvicentedepusir.gob.ec\/carchi\/wp-json\/wp\/v2\/media?parent=837"}],"wp:term":[{"taxonomy":"yst_prominent_words","embeddable":true,"href":"https:\/\/gadsanvicentedepusir.gob.ec\/carchi\/wp-json\/wp\/v2\/yst_prominent_words?post=837"}],"curies":[{"name":"wp","href":"https:\/\/api.w.org\/{rel}","templated":true}]}}